q**2 + 14*q - 11*q. What is v(-2)?
5
Let d(v) = v**3 - 148*v**2 - 443*v - 1491. Let x be d(151). Let r(z) = 2*z - 40. Determine r(x).
-2
Let r(o) = -o**3 + 11*o**2 - 13*o + 5. Suppose -371*q + 84*q + 2586 = 144*q. Determine r(q).
107
Let g(a) = -117 + 293 + 15*a - 103 - 98. Calculate g(3).
20
Let o(a) be the second derivative of -a**5/20 - a**3/2 + a**2/2 + 1907*a. Give o(3).
-35
Let d(w) = -8*w - 83. Let k(j) = -95*j + 7115. Let o be k(75). Determine d(o).
-3
Let k(u) = -u**2 - 9*u - 21. Let n(g) = -g**3 + 27*g**2 + 61*g - 93. Let f be n(29). What is k(f)?
-3
Let m(x) = 2*x**2 - 12*x. Let h(z) = z**3 - 19*z**2 + 4*z - 74. Let o be h(19). Suppose 5*f - 17 = -o*k, 4*f + 14 = 2*k + 6*f. Determine m(k).
0
Let b(n) = -7*n - 11. Let y(x) = -2*x**3 + 17*x**2 + 13*x - 38. Suppose 20 = 4*w - 4*k, w - 3*k - 21 = -6*k. Let h be y(w). What is b(h)?
3
Suppose -3*k - 3*j = -123, 5*j = -13*k + 15*k - 110. Let u(x) = -2*x**2 + 5*x**2 + 44*x - k*x + x**3 - 2*x**3. Calculate u(3).
-3
Let x(j) = 2*j + 76. Let m(v) = -62*v**2 - 2604*v - 26. Let n be m(-42). What is x(n)?
24
Let y be (25 - 19)*(-3)/((-9)/(-2)). Let k(b) = -10*b - 6. Let q(g) = 12*g + 8. Let m(z) = y*k(z) - 3*q(z). Calculate m(-2).
-8
Suppose 0 = r + 11*q - 16*q + 36, -3*r = -2*q + 30. Let d(u) be the third derivative of -5/6*u**3 + 2*u**2 + 0 + 1/4*u**4 + 0*u + 1/60*u**5. Calculate d(r).
-5
Let l(k) = 11597 - 4*k - 5824 + 3*k - 5756. Let v be 55/3 + (-2)/6. Give l(v).
-1
Let b(x) = -214 + 102 - 2*x - 4*x + 106. Calculate b(3).
-24
Let r(i) = -6*i**2 - 8*i - 6. Let g(q) be the third derivative of 11*q**5/60 + 13*q**4/24 + 11*q**3/6 + 113*q**2. Let b(c) = -4*g(c) - 7*r(c). Calculate b(2).
-2
Let c(f) = 2*f + 3 - 4222*f**2 + f + 4221*f**2 + 3*f - 4*f. What is c(7)?
-32
Let i(k) = k**3 - 9*k**2 + 2*k + 3. Let x(p) = -6*p**3 + 118*p**2 + 44*p - 71. Let f be x(20). What is i(f)?
21
Let u(m) = -163 + 25*m**2 - 24*m**2 + 3778*m - 3750*m. Determine u(-33).
2
Let l(s) = -6*s + 4*s + 0*s - 6*s + 12 + 7*s. Let j(p) = 3*p - 23. Let v(h) = 4*j(h) + 9*l(h). Give v(-12).
-20
Let q be (-30)/(-8) - 12/16. Suppose 0*f + 5*f + 15 = 4*o, 4*o + 3*f - 23 = 0. Let t(b) = -o*b**3 - 3*b + 3*b**3 + b - 1 + b**q. Determine t(-1).
2
Suppose n + 32 = -4*r + 5*n, 0 = -r + 3*n - 14. Let z(i) be the second derivative of 2*i**2 + 24*i - 1/6*i**3 + 3. Calculate z(r).
9
Let c(j) = -8*j - 13. Suppose 29*y = 398 - 224. Give c(y).
-61
Suppose 0 = q + 2*o - 19, -3*o = 912*q - 917*q + 160. Let b(w) = -2*w**3 + 58*w**2 - 3*w + 84. Determine b(q).
-3
Let y(k) = 7*k + 106. Let c(f) = -13*f - 209. Let q(o) = 3*c(o) + 7*y(o). Calculate q(-11).
5
Let x = 136 + -136. Let z(w) be the first derivative of -w**4/4 - w**3/3 + 5*w - 598. Determine z(x).
5
Let n be ((-3636)/(-8))/9 - 7/(-14). Let b be -5*(-15)/9 + 34/n. Let r(w) be the first derivative of w**2/2 - 12*w + 4. What is r(b)?
-3
Suppose -5*k + 7*b = 12*b + 25, k - 13 = 2*b. Let u(v) = 0*v**3 - 4 + 5*v**3 + 3 + v**2. Calculate u(k).
5
Suppose -4*j - 12 = 0, j + 0*j - 41 = 4*g. Let o(x) = x**2 + 8*x + 15. Calculate o(g).
48
Let z(h) be the first derivative of h**4/4 - 2*h**3 - 58*h**2 + 52*h - 10547. Give z(14).
-4
Let l(a) = -227*a - 13. Let n(b) = -660*b - 37. Let p(x) = 11*l(x) - 4*n(x). Calculate p(-1).
-138
Let p(l) = l**2 - 26*l + 15. Let m = 3229 - 3204. Give p(m).
-10
Let n(h) = 4572*h + 97. Let y(g) = -1614*g - 32. Let x(z) = 6*n(z) + 17*y(z). Calculate x(9).
-16
Suppose -206*t - 175*t + 534 = -114*t. Let r(g) = 4*g**2 - 4*g + 2. Give r(t).
10
Let z(l) be the first derivative of l**2/2 + 21*l + 403. Give z(-9).
12
Let m(s) = -4*s**2 + s. Let v(d) = 58*d**2 - 18*d - 10. Let r(l) = 14*m(l) + v(l). Determine r(5).
20
Let g(z) = -z**3 - 3*z**2 + z - 2. Let h(f) be the first derivative of -f**4/4 - 7*f**3/3 + 3*f**2/2 - 5*f - 64. Let o(y) = 5*g(y) - 2*h(y). Give o(-1).
3
Suppose 5*h + 16 = 7*h + 4*v, v = -5*h + 31. Suppose 3*z = -2*q - h, -12 = 4*z - q + 7. Let t(i) = -i - 3. Determine t(z).
1
Let o be -1*(-245)/14*2. Let l(x) = 2*x**2 - 70*x - 3. Determine l(o).
-3
Let t = -21 - -9. Let k(q) = 35*q**3 + 26*q**2 - 68*q - 68. Let s(d) = -16*d**3 - 13*d**2 + 30*d + 33. Let n(y) = 5*k(y) + 11*s(y). Calculate n(t).
-1
Let h(n) be the second derivative of n**3/2 + n**2/2 - 2*n + 633. Let z = -170 - -163. Give h(z).
-20
Let m = -14 - -35. Let y(r) = 5*r - 44*r**2 + 2 + 22*r**2 + m*r**2. Let k be 2/(9/27 + 1/(-21)). What is y(k)?
-12
Let n(s) be the third derivative of -s**7/5040 - s**6/180 - 47*s**5/60 + 37*s**2. Let z(c) be the third derivative of n(c). Determine z(6).
-10
Let t(a) = 49*a - 290. Let c be t(6). Let s(k) = 7*k**2 - 6*k - 4. What is s(c)?
84
Let d = -277 - -364. Let v(b) = -d - 77 + b - 86 + 261. Give v(-16).
-5
Let q(x) = x**3 + x**2 - 2*x - 1. Suppose -5*c = 20*c. Give q(c).
-1
Let z(h) = h**2 + 47*h - 1427. Let u be z(-68). Let k(t) = 32*t**2 + t - 2. Calculate k(u).
31
Let a(h) = 18*h**2 + 4*h - 7. Let j(b) = -34*b**2 - 7*b + 13. Let p(x) = -11*a(x) - 6*j(x). Let n(u) = u**3 - 40*u**2 + 41*u - 76. Let k be n(39). Give p(k).
19
Suppose g = 5*v - 588, -2*g = 4*v - 3*v - 122. Let d = v + -86. Let m(k) = 10 + 14*k - d*k + 17*k. Determine m(5).
5
Let u(l) = l**3 + 2*l**2 - 7*l - 6. Let y be u(-3). Let n(x) = -7*x**2 + 8*x - 10. Let v(o) = -19*o**2 + 24*o - 29. Let c(q) = 8*n(q) - 3*v(q). Give c(y).
-5
Let r(f) = -2*f + 6 - 6*f + f**2 + 0*f**2 + 4*f. Let c(q) = -q**3 + 4*q**2 + 34*q - 13. Let j be c(8). Calculate r(j).
3
Let f(x) be the third derivative of x**6/60 - 13*x**5/60 + x**4/4 - x**3/2 - 81*x**2 - 4. Calculate f(6).
-3
Let r(n) = 6*n + 295. Let h(a) = 3*a + 128. Let y(x) = 7*h(x) - 3*r(x). Determine y(6).
29
Let v(q) = 8*q**3 + 2*q**2 + 4*q + 3. Let s be 2 + -3 + (-124)/(-1054) + 4/(-34). What is v(s)?
-7
Let r be 264/33*8/(-16). Let p(z) = -34*z - 135. Calculate p(r).
1
Let t be 14*((-12)/(0 + 4))/(-3). Let n(w) = -20 - t - 10 - 6*w. Let q(i) = i + 9. Let c(o) = -2*n(o) - 11*q(o). Calculate c(0).
-11
Suppose -15 = -m - 18. Let h(g) = g + 1. Let k(c) be the second derivative of -c**4/12 - c**3/6 - c**2/2 - 2*c. Let n(v) = m*h(v) - 3*k(v). Determine n(-2).
12
Let r(h) be the first derivative of -3*h**2/2 + 3*h + 2. Let g be (-6)/(9 - (-210)/(-20)). Give r(g).
-9
Let r(s) = -12*s**3 - s**2 + 1. Suppose 0 = 3*z - 4*y - 12, -z - y + 4 = -0. Suppose 356*b - z = 360*b. What is r(b)?
12
Let w(h) be the first derivative of h**2/2 + h + 2. Suppose 0 = -6*p - 44 + 248. Let v = p - 32. What is w(v)?
3
Let k(c) = 0 - 5 - 7*c + 4. Let d(o) = o**3 - 54*o**2 + 307*o - 10557. Let a be d(52). Calculate k(a).
6
Let q = 536 - 540. Let r(n) = -n**3 - 2*n**2 + 10*n + 18. Determine r(q).
10
Suppose 861*d - 854*d = 91. Let x(y) = y**2 - 13*y - 4. What is x(d)?
-4
Let h(b) = b**2 - 14*b - 8. Let m be h(15). Let k(a) be the second derivative of a**4/12 - a**3 + 11*a**2/2 + 1987*a - 2. Determine k(m).
18
Let w(t) be the first derivative of -t**3 - 21*t**2/2 - 17*t + 750. Calculate w(-9).
-71
Let o(p) = 2*p + 6. Let i = -40 + 42. Suppose 0 = -8*b - i - 6. Let u be b/(-2) + (-154)/28. Give o(u).
-4
Let n(g) = -2*g + 19. Let o(v) = v - 10. Let r(k) = -3*n(k) - 5*o(k). Let j = -207443 - -207452. Determine r(j).
2
Let r be (-4)/(-22) + (-40)/(-22). Suppose 4*i + 3*p = 0, -2*p - 14 = -i - i. Suppose -r*a = i*b + 20, 3*b = -2*a - 2*a - 28. Let l(g) = 3*g + 6. What is l(b)?
-6
Let n(t) = -6*t**3 + 32*t**2 + t - 6. Let o(p) = 5*p**3 - 28*p**2 + p + 4. Let l(i) = -4*n(i) - 5*o(i). Determine l(11).
26
Let c(y) = -4*y + 3. Let a(n) = -9*n + 6. Let k(j) = -3*a(j) + 5*c(j). Let z(d) be the second derivative of d**3/2 + d**2 - 66*d. Let q be z(0). What is k(q)?
11
Let h(p) = -p**3 - 3*p**2 + p - 164. Let n(a) = 3*a**3 + 7*a**2 - 3*a + 321. Let g(z) = 5*h(z) + 2*n(z). What is g(0)?
-178
Let c(w) = 4*w**2 - 7*w + 5. Let h be c(2). Let q(d) = -d + 13. Let t be q(h). Let n(i) = 3 + 9 - i + 0*i - t. What is n(5)?
1
Let q(k) = 29*k + 4. Suppose -2*f + 1 - 25 = 4*r, -3*f + 5*r + 19 = 0. Determine q(f).
-54
Let w(p) = p**3 + 7*p**2 - 6*p + 27. Let f = 1483 - 1491. Calculate w(f).
11
Suppose 20*m + 241 + 79 = 0. Let b(v) = v**2 + 16*v + 3. Determine b(m).
3
Let s = -9 - 111. Let u = 115 + s. Let o(r) = -6*r**2 + 2*r + 7. Let c(l) = 5*l**2 - l - 6. Let a(p) = u*c(p) - 4*o(p). Calculate a(-3).
2
Let t(w) = -9*w**3 + 